+ a = 0. Let j = -18 - a. Let i(u) = -u**2 - 24*u + 18. What are the prime factors of i(j)?
2, 3, 7
Suppose 0 = 3*j - 24, -36*j + 40*j = -3*i + 71996. List the prime factors of i.
2, 3, 1999
Let o = 2521 + 6012. What are the prime factors of o?
7, 23, 53
Let o(n) = -n**2 - 14*n + 2. Let s be o(-14). Suppose 10 = 4*y - s. Suppose -2*v + 2 = 0, -y*k + k + 5*v = -27. What are the prime factors of k?
2
Let s(u) = -2*u**2 - 9*u**2 - u**3 - 32 - 317*u + 314*u. What are the prime factors of s(-14)?
2, 13, 23
Let v = 50683 + -6888. List the prime factors of v.
5, 19, 461
Suppose -5*r = -3*q + 22, 4*q - r + 19 = -4*r. What are the prime factors of q/(-2*2/1744)?
2, 109
Let l = 407 - 395. What are the prime factors of 0/((-3)/(18/l)) + 238?
2, 7, 17
Let n = 12858 - 10015. What are the prime factors of n?
2843
Let v = 2066 + -1455. Let g = v - 524. List the prime factors of g.
3, 29
Let h(j) = 316*j - 24. Let y be h(-11). What are the prime factors of (2 + 186/15)/((-75)/y)?
2, 3, 7
Suppose -14*g + 19*g + p = 7770, 0 = 18*p + 90. List the prime factors of g.
5, 311
Suppose 7*i - 5815 - 4559 = 0. Suppose -3*f = -5*f + i. What are the prime factors of f?
3, 13, 19
Let i = 14320 + 31415. What are the prime factors of i?
3, 5, 3049
Let t = 19883 + -6521. List the prime factors of t.
2, 3, 17, 131
Let z(o) = -o**3 + 49*o**2 - 21*o + 132. List the prime factors of z(41).
7, 23, 79
Let y(o) = -o**3 + 4*o**2 - 3*o + 9. Let p be y(5). Let m = p - -44. Let w = m - -22. List the prime factors of w.
5, 7
List the prime factors of -9 - -1462 - -9 - -13.
5, 59
Let o = -1947 + 8076. List the prime factors of o.
3, 227
Suppose -12 = p - 27. Suppose x - 12 = -y, y + 4*x - p = 12. Suppose 0 = 2*v - y*v + 675. List the prime factors of v.
3, 5
Suppose -306 - 3 = -j - 5*a, -j = 3*a - 299. Let o = -212 - -64. Let g = j + o. List the prime factors of g.
2, 17
Suppose 336*s - 337*s = -256. Let i = s - 131. List the prime factors of i.
5
Suppose 95*d = -96*d + 211*d - 1646140. What are the prime factors of d?
82307
Suppose 10*m + 4*m + 10598 = 0. Let j = m - -1707. List the prime factors of j.
2, 5, 19
Suppose -14*n - 18*n = -127360. List the prime factors of n.
2, 5, 199
Let p be (-4)/(-7) - (-104910)/182. Suppose v - 167 - p = -3*x, -x + 261 = -4*v. What are the prime factors of x?
3, 83
Let o(l) = l**3 - 6*l**2 - 2*l - 6. Let x be o(7). Let j = -107 - -109. Suppose -j*n + 63 = -x. List the prime factors of n.
2, 23
Suppose 1 = -c - 3*o, -2*c + 7 = -0*c - 3*o. Let n be 81/6 - (-1)/c. Suppose -y + 5 = -n. What are the prime factors of y?
19
Suppose 9*l - 112 - 194 = 0. Let h = -38 + l. What are the prime factors of (-2 + (-3)/3)*(h + -29)?
3, 11
Let n(o) = 21*o - 29. Let c be n(13). Suppose 6*p - 17 = 1. Suppose -p*d + c + 312 = 2*w, 0 = 3*d + 3*w - 555. List the prime factors of d.
2, 3, 31
Suppose 4*m - x - 117 = 0, 0*x + x = m - 33. Let w(o) = -2*o - 6. Let b be w(-4). Suppose m = b*a - 12. What are the prime factors of a?
2, 5
Let q = 19199 - 10267. List the prime factors of q.
2, 7, 11, 29
Suppose -4*c = 12, -3388 = -4*i - 3*c + 9719. What are the prime factors of i?
3, 1093
Let x = -88 - -149. Suppose -14235 = 48*p - x*p. List the prime factors of p.
3, 5, 73
Let i be ((-51)/102)/(1/4). What are the prime factors of i/(54/12 - 4) - -753?
7, 107
Let o be (5 + 3/(-3))*-2. Let w(k) = -2*k**3 - 3*k**2 + 6*k - 1. Let p be w(o). Suppose -l - l + 2*v = -402, 0 = 4*l + 3*v - p. List the prime factors of l.
2, 3, 11
Suppose 582 = -337*z + 343*z. Suppose 9 = -3*l, -15*r = -14*r - 5*l - z. List the prime factors of r.
2, 41
Let h be 1/(3/4167) - 1. Suppose -197*l + h = -193*l. What are the prime factors of l?
347
Suppose 3141 = -32*r - 8507. Let n = r - -508. What are the prime factors of n?
2, 3
Let o(s) = s**3 - 4*s**2 - 6*s + 8. Let i be o(5). Suppose -i*m + 48 = m. Suppose m*z - 55 = 7*z. What are the prime factors of z?
11
Suppose -4*h + 6*h - 37074 - 3782 = 0. What are the prime factors of h?
2, 5107
Suppose -5*z - 53 = 22. Let j = z + 18. Suppose -5*i - 4 - 1 = 0, 4*y + j*i - 225 = 0. What are the prime factors of y?
3, 19
List the prime factors of (6/(-8))/(-1*(-9)/(-25716)).
2143
Let q = -5056 - -15534. What are the prime factors of q?
2, 13, 31
Let c = -38 - -41. Suppose p = -5*b, -c*p + 0*p = 0. Suppose 4*r - 246 - 10 = b. What are the prime factors of r?
2
Let i(p) = 5*p - 59*p - 4*p**2 - 1 - p**3 + p. What are the prime factors of i(-10)?
1129
Let p(x) be the third derivative of -x**4/2 - 7*x**3/6 - 17*x**2. Let w be p(-2). Suppose -k + w + 26 = 0. What are the prime factors of k?
43
What are the prime factors of (-328325)/(-7) - (-1168)/(-2044)?
17, 31, 89
List the prime factors of 701198/14 + 45*(-18)/(-1890).
2, 79, 317
Let m be -3*14*26/(-91). What are the prime factors of (16/m)/((-1)/(-501)*2)?
2, 167
Let f(d) = d**3 + 4*d + 957. Let c be (1 - 1)/(58 + -56). List the prime factors of f(c).
3, 11, 29
Let n(i) = 2*i**2 - 6*i + 22. Let u be n(12). Let v = u - 488. Let s = v + 365. List the prime factors of s.
5, 23
Let x(b) be the second derivative of b**5/20 + 19*b**4/12 - 43*b**3/6 - 21*b**2/2 + 4*b. Let d be x(-21). List the prime factors of -1*d/(-2)*1 + 166.
2, 83
Let u(k) = 623*k - 2*k**2 + 2*k**2 - k**2 - 185 - 654*k + 49. List the prime factors of u(-24).
2
Let q be (-2 - (-80)/6)/((-3)/(-18)). Let i = 70 - q. Suppose 0 = r - 0*r + 5*o + 5, 0 = 2*r + i*o - 14. List the prime factors of r.
2, 5
Let b be 5*8/20*3. Suppose -5*a = -8*a - b. List the prime factors of ((-30)/(-25))/a*-45.
3
Let c be 15995/7 - -4 - 9. Suppose -c = -4*w + 4*h, -3*w + 2*h + 1492 + 217 = 0. List the prime factors of w.
569
Suppose -3*m + 774 = 8*x - 4*x, 15 = -5*x. Let p = m - 94. What are the prime factors of p?
2, 3, 7
Let p be 512/2 - (3 - 7). Suppose 3*m = -d + p, d + 6*m - 2*m - 258 = 0. List the prime factors of d.
2, 7, 19
Let d be 4/(11 - 3) - (-245)/10. Let q = 27 - d. Suppose -m = 4*n - q*m - 668, -4*m + 482 = 3*n. What are the prime factors of n?
2, 83
Suppose -25*y = -56*y + 279. Let r(m) = -m - 1. Let u(h) = 10*h - 29. Let t(v) = r(v) + u(v). List the prime factors of t(y).
3, 17
Suppose 5*u = 2*i - 644 + 184, 4*i - 908 = 4*u. Let r = -124 + i. What are the prime factors of r?
101
What are the prime factors of 5173*((-16)/14)/(-10 - -9)?
2, 739
Suppose 61411 = 52230*z - 52223*z. What are the prime factors of z?
31, 283
Let b(s) = -6*s**3 + 3*s**2 + 2*s + 4. Let q be b(-7). Suppose 5*w = -4*f + q, f = 2*w - 157 - 734. What are the prime factors of w?
443
What are the prime factors of 2764308/156 - (5 - (-66)/(-13))?
2, 5, 443
Let q be ((-1)/2)/(14/(-28)). List the prime factors of -542*q/(-8)*4.
271
Suppose -2*f - 6*f = -18192. What are the prime factors of f?
2, 3, 379
Suppose -w - 1435 = -4*u - 524, -w - 941 = 2*u. Let g = w - -1515. What are the prime factors of g?
2, 73
Let k = -72942 + 136381. List the prime factors of k.
63439
Let x be (-3)/(-3 + (-72)/(-30)) + -8. Let j(d) = 80*d**2 - 7*d - 39. What are the prime factors of j(x)?
2, 3, 13
Let y = 32 - -81. Suppose l = -2*o + y + 450, -3*l + 5*o + 1733 = 0. What are the prime factors of l?
571
Suppose 9*y - 42*y + 121737 = 0. List the prime factors of y.
7, 17, 31
What are the prime factors of (30/(-8) - -7)/((-7)/(-46508))?
11, 13, 151
Suppose s + 17 = -7. Let d = 30 + s. List the prime factors of (-8*16/6)/((-2)/d).
2
Let g(x) = 2267*x + 73. List the prime factors of g(4).
3, 11, 277
Suppose -306997 = -39*i + 117176 + 60012. List the prime factors of i.
5, 13, 191
Suppose -3 - 537 = -5*i. Suppose 3*x = -3*r - i, 5*x + 2*r + 102 = -66. Let n = -20 - x. List the prime factors of n.
2, 3
Let a(l) = -l + 8. Let k be a(3). Suppose -k*i - 645 = -5*z, -3 = -0*i - 3*i. List the prime factors of z.
2, 5, 13
Let r be (-1 + 0 - 1)*15/2. Let s(g) = -g**2 - 20*g - 8. Let x be s(r). Suppose 2*n - n = x. What are the prime factors of n?
67
Let u(v) = 6*v**2 - 8*v - 2. Let x = -43 + 48. Suppose x*p - 3*t - 14 - 18 = 0, -3*t = -3*p + 24. What are the prime factors of u(p)?
2, 31
Suppose -30*x - 1396425 = -105*x. What are the prime factors of x?
43, 433
Suppose 2*v + 0*v - 533 = -5*i, -2*v + 5*i + 583 = 0. Let n be (-1524)/9 - (-2)/(-3). Let c = v + n. What are the prime factors of c?
109
Suppose -2*a - 3346 = -h, -2*h = -7*h -